git of 1257?
1
What is the thousands digit of 8163?
8
What is the units digit of 9186?
6
What is the tens digit of 51511?
1
What is the tens digit of 773?
7
What is the units digit of 8878?
8
What is the hundreds digit of 727?
7
What is the tens digit of 26689?
8
What is the ten thousands digit of 90555?
9
What is the ten thousands digit of 44656?
4
What is the tens digit of 1670?
7
What is the hundreds digit of 15316?
3
What is the hundreds digit of 1978?
9
What is the hundreds digit of 105?
1
What is the tens digit of 376?
7
What is the units digit of 21790?
0
What is the thousands digit of 3959?
3
What is the units digit of 2972?
2
What is the hundreds digit of 33016?
0
What is the thousands digit of 29635?
9
What is the hundreds digit of 1370?
3
What is the tens digit of 17?
1
What is the tens digit of 39940?
4
What is the units digit of 494?
4
What is the tens digit of 629?
2
What is the tens digit of 467?
6
What is the thousands digit of 2654?
2
What is the thousands digit of 1961?
1
What is the units digit of 13516?
6
What is the ten thousands digit of 82297?
8
What is the units digit of 280?
0
What is the thousands digit of 1223?
1
What is the tens digit of 336?
3
What is the thousands digit of 31945?
1
What is the ten thousands digit of 17522?
1
What is the tens digit of 23808?
0
What is the hundreds digit of 191?
1
What is the ten thousands digit of 46823?
4
What is the tens digit of 4507?
0
What is the units digit of 352?
2
What is the tens digit of 39451?
5
What is the thousands digit of 2335?
2
What is the units digit of 9872?
2
What is the tens digit of 1582?
8
What is the thousands digit of 17492?
7
What is the units digit of 1007?
7
What is the tens digit of 2629?
2
What is the tens digit of 1756?
5
What is the units digit of 67168?
8
What is the tens digit of 1863?
6
What is the hundreds digit of 802?
8
What is the hundreds digit of 664?
6
What is the units digit of 18988?
8
What is the tens digit of 3616?
1
What is the tens digit of 2040?
4
What is the hundreds digit of 13777?
7
What is the thousands digit of 7185?
7
What is the units digit of 1071?
1
What is the tens digit of 6246?
4
What is the tens digit of 15100?
0
What is the tens digit of 4202?
0
What is the units digit of 23300?
0
What is the units digit of 6407?
7
What is the tens digit of 68?
6
What is the thousands digit of 6662?
6
What is the hundreds digit of 41421?
4
What is the hundreds digit of 4451?
4
What is the thousands digit of 15480?
5
What is the tens digit of 23281?
8
What is the tens digit of 16831?
3
What is the thousands digit of 7157?
7
What is the tens digit of 3325?
2
What is the tens digit of 2910?
1
What is the tens digit of 675?
7
What is the units digit of 2345?
5
What is the hundreds digit of 2277?
2
What is the thousands digit of 2772?
2
What is the thousands digit of 14680?
4
What is the units digit of 8598?
8
What is the hundreds digit of 1107?
1
What is the units digit of 10482?
2
What is the ten thousands digit of 37973?
3
What is the units digit of 87945?
5
What is the hundreds digit of 11111?
1
What is the units digit of 134?
4
What is the hundreds digit of 1432?
4
What is the thousands digit of 4557?
4
What is the hundreds digit of 600?
6
What is the tens digit of 2379?
7
What is the tens digit of 117700?
0
What is the thousands digit of 2600?
2
What is the units digit of 2179?
9
What is the tens digit of 8402?
0
What is the tens digit of 52627?
2
What is the thousands digit of 38015?
8
What is the tens digit of 23?
2
What is the hundreds digit of 66823?
8
What is the hundreds digit of 1115?
1
What is the ten thousands digit of 49591?
4
What is the thousands digit of 1416?
1
What is the tens digit of 584?
8
What is the units digit of 25263?
3
What is the tens digit of 20397?
9
What is the units digit of 2720?
0
What is the units digit of 677?
7
What is the units digit of 38249?
9
What is the units digit of 20286?
6
What is the tens digit of 2944?
4
What is the units digit of 1381?
1
What is the thousands digit of 34217?
4
What is the hundreds digit of 334?
3
What is the units digit of 719?
9
What is the tens digit of 9400?
0
What is the hundreds digit of 43441?
4
What is the units digit of 10546?
6
What is the ten thousands digit of 14811?
1
What is the tens digit of 667?
6
What is the tens digit of 14264?
6
What is the tens digit of 1578?
7
What is the thousands digit of 11405?
1
What is the hundreds digit of 2636?
6
What is the thousands digit of 17069?
7
What is the thousands digit of 2287?
2
What is the tens digit of 94724?
2
What is the thousands digit of 7832?
7
What is the units digit of 18?
8
What is the thousands digit of 12583?
2
What is the tens digit of 108383?
8
What is the units digit of 14156?
6
What is the tens digit of 273?
7
What is the units digit of 416?
6
What is the tens digit of 37539?
3
What is the thousands digit of 3370?
3
What is the thousands digit of 4429?
4
What is the units digit of 9845?
5
What is the hundreds digit of 1019?
0
What is the units digit of 2411?
1
What is the thousands digit of 111298?
1
What is the tens digit of 8339?
3
What is the thousands digit of 1071?
1
What is the thousands digit of 2461?
2
What is the tens digit of 10145?
4
What is the tens digit of 67685?
8
What is the units digit of 2699?
9
What is the hundreds digit of 29827?
8
What is the tens digit of 229?
2
What is the thousands digit of 2177?
2
What is the thousands digit of 5619?
5
What is the tens digit of 4956?
5
What is the units digit of 9821?
1
What is the tens digit of 6773?
7
What is the tens digit of 6185?
8
What is the units digit of 4747?
7
What is the units digit of 45063?
3
What is the units digit of 423?
3
What is the hundreds digit of 28294?
2
What is the tens digit of 34448?
4
What is the hundreds digit of 3984?
9
What is the ten thousands digit of 21412?
2
What is the units digit of 293?
3
What is the tens digit of 4013?
1
What is the hundreds digit of 1246?
2
What is the thousands digit of 4817?
4
What is the tens digit of 138134?
3
What is the hundreds digit of 59909?
9
What is the tens digit of 1646?
4
What is the hundreds digit of 4320?
3
What is the units digit of 121647?
7
What is the units digit of 2887?
7
What is the units digit of 244?
4
What is the units digit of 43367?
7
What is the units digit of 6296?
6
What is the thousands digit of 4408?
4
What is the tens digit of 750?
5
What is the units digit of 7295?
5
What is the thousands digit of 2841?
2
What is the tens digit of 73769?
6
What is the hundreds digit of 10033?
0
What is the tens digit of 106887?
8
What is the tens digit of 1424?
2
What is the units digit of 3658?
8
What is the tens digit of 15462?
6
What is the hundreds digit of 4065?
0
What is the thousands digit of 1242?
1
What is the hundreds digit of 1450?
4
What is the units digit of 4163?
3
What is the hundreds digit of 1080?
0
What is the hundreds digit of 25645?
6
What is the thousands digit of 1851?
1
What is the units digit of 3183?
3
What is the hundreds digit of 8303?
3
What is the tens digit of 1964?
6
What is the units digit of 37594?
4
What is the hundreds digit of 17844?
8
What is the hundreds digit of 20392?
3
What is the hundreds digit of 810?
8
What is the ten thousands digit of 21977?
2
What is the ten thousands digit of 16723?
1
What is the units digit of 3496?
6
What is the units digit of 3468?
8
What is the units digit of 4787?
7
What is the hundreds digit of 55928?
9
What is the hundreds digit of 3627?
6
What is the hundreds digit of 22536?
5
What is the ten thousands digit of 62110?
6
What is the tens digit of 1382?
8
What is the hundreds digit of 13937?
9
What is the thousands digit of 12496?
2
What is the hundreds digit of 365?
3
What is the tens digit of 4602?
0
What is the tens digit of 266?
6
What is the tens digit of 7127?
2
What is the hundreds digit of 68088?
0
What is the thousands digit of 18104?
8
What is the tens digit of 3842?
4
What is the hundreds digit of 81956?
9
What is the thousands digit of 15531?
5
What is the units digit of 6719?
9
What is the tens digit of 138636?
3
What is the tens digit of 1844?
4
What is the tens digit of 884?
8
What is the units digit of 9927?
7
What is the thousands digit of 9677?
9
What is the hundreds digit of 62